t - 12. Let d be l(-3). Suppose -5*r - 1006 = -4*z, d = -7*r + 9*r + z + 405. Let c = r - -310. List the prime factors of c.
2, 3
Let p(x) = 12*x**2 + 18*x + 7. Let s = -317 - -309. What are the prime factors of p(s)?
631
Suppose 150*d + 325722 = 1717572. List the prime factors of d.
3, 1031
Let d be (-1 - -3)/(-3 + (-111)/(-39)). What are the prime factors of (11 + d)*(-18 + 0)?
2, 3
Let u = 483 + -703. Let p = -13 - u. What are the prime factors of p?
3, 23
Suppose 0 = -27*y - 11*y - 1368. Let s(p) = p**3 + 37*p**2 + 15*p - 73. List the prime factors of s(y).
683
Suppose 16 = 20*s - 24. Let y(m) = 266*m + 11. List the prime factors of y(s).
3, 181
Let n(m) = -7*m + 2. Let g be n(-4). Suppose -g = -28*z + 29*z. List the prime factors of (121/(-3))/(10/z).
11
Suppose 20*p - 66958 - 85042 = 0. Suppose 13*u - 9*u - p = 0. List the prime factors of u.
2, 5, 19
Let x(b) = -b**2 - 7*b + 91. Suppose -13*h - 3*c = -8*h - 6, 4 = 3*h + 2*c. List the prime factors of x(h).
7, 13
Let d(a) = 237*a + 3901. What are the prime factors of d(16)?
7, 157
Suppose 27*y + 78*y + 60*y - 1192290 = 0. List the prime factors of y.
2, 3613
Suppose q + 3*u - 39 = -113, 4*q = -3*u - 296. Suppose 3*d = 5*h + 5*d - 523, 5*d = -2*h + 205. Let z = h + q. List the prime factors of z.
31
Let z = 76315 + -21949. List the prime factors of z.
2, 3, 13, 17, 41
Suppose -4*i - 2*k + 8247 = 763, -5*i - k = -9346. List the prime factors of i.
2, 467
Let k(u) = -150*u**3 - 13*u - 23. What are the prime factors of k(-3)?
2, 19, 107
Suppose 2*f = 10*f - 72. Let d(w) = w**3 - 11*w**2 + 22*w - 10. List the prime factors of d(f).
2, 13
What are the prime factors of 32/2 + (-126882)/(-114)?
1129
Let j be (1 + -10)*(1000/(-12))/5. Let a = j + 52. What are the prime factors of a?
2, 101
Suppose -1193 = -15*p + 802. Suppose -5*z + 30 = 2*r, -3*r = -5*r + 2*z + 2. Suppose p - 423 = -r*l. List the prime factors of l.
2, 29
Let a(w) = -7 + w - 2 + 10. Let z be a(6). Let i(x) = 17*x + 6. What are the prime factors of i(z)?
5
Let j = 6120 + 325. What are the prime factors of j?
5, 1289
Let y(j) = -j - 11. Let b be y(-13). Let p(z) = 95*z + 1. Let c be p(3). Suppose 0*q = b*q - c. List the prime factors of q.
11, 13
Let w(d) = -d**2 + 5*d + 12. Let y be w(5). Let a = 14 - y. Suppose z - 5*r = 1, 3*z + z = a*r + 76. What are the prime factors of z?
3, 7
Let s(r) = 106*r + 1. Suppose -27 = 8*n - 11. Let v(d) = -105*d - 2. Let u(c) = n*v(c) - 3*s(c). What are the prime factors of u(-1)?
109
What are the prime factors of -1*(113750/(-8) - 2*27/(-72))?
2, 7109
Suppose u - 4*r = -4, 3*u + 14 = 4*u + 5*r. Let w(p) = 8*p - 4 - 7 - u. What are the prime factors of w(8)?
7
Suppose -5*o = 4*p - 75, -7 = -3*o + 3*p + 11. Let k = -5 + o. Let m(c) = 20*c - 23. List the prime factors of m(k).
97
Suppose 457*b + 40819292 + 6120258 = 1239*b. What are the prime factors of b?
5, 7
Let b = -1354 - -640. What are the prime factors of b/8*(-208)/39?
2, 7, 17
Suppose -56*x + h = -59*x + 23273, -2*x + 2*h + 15518 = 0. List the prime factors of x.
2, 3, 431
Suppose -5*j + 6*j - 3 = 3*g, 3*j = -3*g - 3. Let l be (-15)/(-1 + j) + (5 - 5). Suppose -19*q + 428 = -l*q. List the prime factors of q.
107
Let y be (-59)/(3 - (-28)/(-7)). Suppose 63*x - y*x = 2260. List the prime factors of x.
5, 113
Let n(x) be the second derivative of -x**5/20 - 19*x**4/12 - 4*x**3 - 19*x**2/2 + 113*x - 22. Let r = -30 + 12. List the prime factors of n(r).
89
Let w = 1030 + -506. List the prime factors of -1 + 0 + w + -42.
13, 37
Suppose 2*k - 8*s + 3*s = 29, s + 1 = -2*k. Suppose 3*u + 366 = -n, k*n = n. Let y = u - -175. What are the prime factors of y?
53
Let j be 15*2 - (6/(-2) + 7). Suppose -19*n = -j*n + 9534. What are the prime factors of n?
2, 3, 227
List the prime factors of (18 - -3)*(-13650)/(-147).
2, 3, 5, 13
Let h(v) = v**2 - 10*v - 27. Let b(a) = a**2 - 10*a - 27. Let l(n) = 6*b(n) - 5*h(n). List the prime factors of l(-15).
2, 3, 29
Let o = 48 - 1034. Let i be (14/28)/((-1)/o). Suppose -2*m + 4 = 0, -4*r - 5*m - 15 = -i. What are the prime factors of r?
3, 13
Suppose -13923 - 7199 = -d - 4*u, u + 21147 = d. What are the prime factors of d?
2, 11, 31
List the prime factors of 27516744/969 - (-8)/(-152).
73, 389
Suppose -1949 = -2*o - 5*k, 5*k - 10*k = -o + 967. Suppose -o = -5*p + u, 0*u = -5*p - 5*u + 990. What are the prime factors of p?
3, 5, 13
Let w(x) = x**3 + 11*x**2 + 3*x - 20. Let h = 59 + -44. Let q be (-5)/(50/6)*h. What are the prime factors of w(q)?
5, 23
Suppose 0 = -2*c + l - 8, 0*c + c - 10 = 4*l. Let b(o) = 2*o**2 + o + 3. Let k be b(c). Let t = k + 18. List the prime factors of t.
3, 29
Let c(p) = 203*p + 48. Let s be c(5). Suppose s = 6*t - 1037. Suppose 0*j - t = -2*j. List the prime factors of j.
5, 7
Let c be ((-1)/4*0)/2. Suppose c = 7*f - 1527 + 498. What are the prime factors of f?
3, 7
Suppose 1047712 = 26*o + 4*o - 119888. What are the prime factors of o?
2, 5, 7, 139
List the prime factors of ((-394020)/(-28))/9 + -2 + 30/21.
3, 521
Let u(g) = -g**2 + 5*g - 3. Let p be u(2). Suppose -5*t - 44 + 463 = 4*q, -p*q + 2*t + 343 = 0. List the prime factors of q.
3, 37
Let k = 9506 + -839. What are the prime factors of k?
3, 107
Suppose 0 = v + 1 - 4. Let z be (v/2)/(1 - (-5)/(-10)). Suppose 5*w - 5*n - 324 = 716, -z*w + 620 = -2*n. What are the prime factors of w?
2, 3, 17
Let c(p) = p**3 + 11*p**2 - 3*p + 8. Suppose 3 - 11 = -5*i + 3*g, -4*g = -4*i. Let v be i + (-11)/1 + 2 + -3. List the prime factors of c(v).
2, 7
Let a = 74 + 79. Let x = -274 - -631. Let t = x - a. List the prime factors of t.
2, 3, 17
Let d be (-36*(-4)/(-30))/(9/(-60)). Let z be (-1)/(-4) - (125944/d)/(-13). Suppose 2*x - 5*k = z, -4*k = 4*x - 96 - 440. What are the prime factors of x?
139
Let n(x) = -7*x + 405. Let j be n(57). Suppose 0 = j*i - 2609 - 31. List the prime factors of i.
2, 5, 11
Let k = 78 - 75. Suppose -k*u = -3*m + 648, -5*m = -m - 5*u - 869. Let w = m - 92. What are the prime factors of w?
7, 17
Let t(r) = -1011*r - 616. List the prime factors of t(-6).
2, 5, 109
Suppose -22*b + 28 = -104. Suppose -b*y = -67*y + 102785. List the prime factors of y.
5, 337
What are the prime factors of (2 + -6 - 16549)*6/(-6)?
16553
Let h = -8297 + 12013. List the prime factors of h.
2, 929
Suppose 5*o = -3*a + 9, -a + 5*a + 14 = 2*o. Suppose -o*r + 5323 = 5*j - 7*r, 5*r - 3216 = -3*j. List the prime factors of j.
11, 97
Suppose 0 = 4*d + 6395 - 44143. List the prime factors of d.
9437
Let q(l) = -l**3 + 18*l**2 - 19*l + 38. Let v be q(17). Suppose 202 = v*f - r + 2*r, 2*f + 4*r = 108. What are the prime factors of f?
2, 5
Suppose 2*m - 22 = 2*c, 34*c = 39*c + 15. Suppose w - 3295 = -13*h + m*h, -4*h - 2*w + 2636 = 0. List the prime factors of h.
659
Let h(a) = 479*a + 26. Let z be h(7). Suppose -9*x = -z - 14. What are the prime factors of x?
13, 29
Let l(h) = 40 + 9*h + 30*h - 5*h. List the prime factors of l(6).
2, 61
Let z(l) = 616*l + 1996. List the prime factors of z(23).
2, 3, 449
Let z = 47394 - 7747. List the prime factors of z.
41, 967
Suppose 6*i - 4555 = 1109. Suppose 3*m - 4*s = 2523, 4*m = s + i + 2433. List the prime factors of m.
5, 13
Let d = 62081 + -19312. What are the prime factors of d?
19, 2251
Let p = -87831 - -140515. List the prime factors of p.
2, 13171
Let f be 0/1 - 7/((-21)/(-12)). Let r be (-11)/3 + f + 4/6. What are the prime factors of 1944/28 - -1*3/r?
3, 23
Suppose o - m = -11, 8*m = 5*o + 11*m + 23. Let l(h) be the first derivative of -h**4/4 - 2*h**3 - 8*h**2 - 8*h + 27. What are the prime factors of l(o)?
3, 17
Suppose -34*a - 425048 = -95*a. List the prime factors of a.
2, 13, 67
Let z(a) = -10*a + 34. Let t be z(3). What are the prime factors of 17 + 10 + (-16)/t?
23
Let y(o) = o**2 - 6*o + 7. Let l be y(-10). Let i = l - -5. What are the prime factors of i?
2, 43
Suppose -l - 44 = 41. List the prime factors of ((-578)/l)/(2/10)*13.
2, 13, 17
Suppose -16 = -c - x, 6*x = x. Suppose 24*o - c*o = 3216. List the prime factors of o.
2, 3, 67
Suppose -3*u - 6 = -6*u, 2*g - u + 810 = 0. Let s = g + 901. What are the prime factors of s?
7, 71
Let z(t) = 3*t**3 - 3*t**2 + 2*t + 2561. What are the prime factors of z(0)?
13, 197
Let x = -11969 - -27566. What are the prime factors of x?
3, 1733
Let k = 4146 - 